 what is -234 + -213?
-1002
In base 16, what is 1f0 + -2?
1ee
In base 11, what is -1 - 56?
-57
In base 2, what is 10 + -100?
-10
In base 12, what is 5 - -7?
10
In base 7, what is -50 - 356?
-436
In base 11, what is -1 - 283?
-284
In base 9, what is -624 - 15?
-640
In base 6, what is 21 - -5?
30
In base 4, what is -100010 - 1?
-100011
In base 8, what is -264 - 21?
-305
In base 13, what is -21 - -1?
-20
In base 3, what is -101 - 10111?
-10212
In base 6, what is 5 - -314?
323
In base 10, what is 1 - 364?
-363
In base 13, what is 735 + 3?
738
In base 9, what is -4 + -43?
-47
In base 12, what is -181 - -5?
-178
In base 4, what is 2 + 2200?
2202
In base 16, what is 67 + 6?
6d
In base 14, what is 0 - -21?
21
In base 12, what is -2 + -7?
-9
In base 12, what is 5 - 2ba6?
-2ba1
In base 15, what is 15 + -4?
11
In base 3, what is -10211201 + 0?
-10211201
In base 13, what is b6b + 0?
b6b
In base 2, what is 10101101 + 110?
10110011
In base 4, what is -23 - -20032?
20003
In base 2, what is 100 + 1111010?
1111110
In base 16, what is -6 + -3?
-9
In base 14, what is 30 - -7?
37
In base 8, what is 2 - 3406?
-3404
In base 5, what is -12 - -1233?
1221
In base 9, what is -10 - 100?
-110
In base 11, what is 60 + 1?
61
In base 12, what is -4952 - -1?
-4951
In base 11, what is -4 - -16a?
166
In base 9, what is 15 + -13?
2
In base 5, what is -4 - -110224?
110220
In base 7, what is 3223 - 2?
3221
In base 8, what is 0 + 1504?
1504
In base 11, what is -51 + -6?
-57
In base 10, what is -10706 - 4?
-10710
In base 8, what is -6 + 243?
235
In base 14, what is -c1 - -4?
-bb
In base 7, what is -5 + -3466?
-3504
In base 3, what is -210001 + -12?
-210020
In base 7, what is 1 + -135?
-134
In base 12, what is -20 - 20?
-40
In base 6, what is -4 - -2545?
2541
In base 6, what is -303 - 3?
-310
In base 14, what is -13 - 17?
-2a
In base 4, what is 2302 - -210?
3112
In base 5, what is -3 - -40?
32
In base 3, what is -10 + 101102?
101022
In base 6, what is -14141 - -1?
-14140
In base 6, what is 53 - 213?
-120
In base 11, what is 2a0 - 4?
297
In base 4, what is -1121 + -10?
-1131
In base 10, what is 3 + -27?
-24
In base 7, what is 610 - -6?
616
In base 11, what is -1 - -1685?
1684
In base 11, what is -2802 - -5?
-27a8
In base 2, what is 1010 - -1010?
10100
In base 3, what is 11 - 112100?
-112012
In base 12, what is -1272 - 4?
-1276
In base 15, what is -7 - -4?
-3
In base 6, what is 10 - 30?
-20
In base 7, what is -213 + 5?
-205
In base 6, what is -150 + -235?
-425
In base 7, what is -21655 + 1?
-21654
In base 12, what is 5 - 48?
-43
In base 3, what is 100 - 200?
-100
In base 6, what is -3 + 10?
3
In base 10, what is 203 - 13?
190
In base 15, what is -354 + -4?
-358
In base 9, what is 33 + 6?
40
In base 15, what is 5 - 63?
-5d
In base 15, what is -c7 - -4?
-c3
In base 3, what is -202100 - 1?
-202101
In base 14, what is -21 - 0?
-21
In base 2, what is 0 + 100011?
100011
In base 2, what is 100 + -101100010?
-101011110
In base 10, what is 1 - 77?
-76
In base 2, what is -110111100110 + 1?
-110111100101
In base 7, what is 65 + -1?
64
In base 14, what is -5 + -59?
-60
In base 5, what is -22142 + 0?
-22142
In base 5, what is -140 - 3?
-143
In base 15, what is 2 + 10d1?
10d3
In base 8, what is 2 - -714?
716
In base 5, what is -10040 - 1?
-10041
In base 14, what is -61 - -2c?
-33
In base 3, what is 2010 + 22?
2102
In base 8, what is 32 - -304?
336
In base 11, what is -1685 - -5?
-1680
In base 15, what is 1a3 - 3?
1a0
In base 3, what is 2 + 10102?
10111
In base 6, what is 255 - -124?
423
In base 9, what is -5686 + -4?
-5701
In base 2, what is -1000110000 + -111?
-1000110111
In base 16, what is 467 + -4?
463
In base 13, what is -68 - -2?
-66
In base 16, what is -4a5 + 2?
-4a3
In base 11, what is -1 - 206?
-207
In base 14, what is 161 + 5?
166
In base 13, what is -2545 - -1?
-2544
In base 16, what is -1c + 8?
-14
In base 5, what is 1211 - -102?
1313
In base 10, what is -7 - -147?
140
In base 10, what is 728 + 3?
731
In base 2, what is 10100000001 - 1000?
10011111001
In base 12, what is 14b + 0?
14b
In base 11, what is 42 + -80?
-39
In base 2, what is -110 - 1?
-111
In base 12, what is -9 - -1a?
11
In base 3, what is 102102 - -11?
102120
In base 16, what is 4 - 163?
-15f
In base 2, what is -1001 + 1100001?
1011000
In base 13, what is 5 - 137?
-132
In base 13, what is 4aa - 4?
4a6
In base 14, what is 2 - -5d?
61
In base 2, what is 11 + 1111100?
1111111
In base 13, what is -75 - -7?
-6b
In base 2, what is 1011101101 + -11?
1011101010
In base 12, what is -16 + -5?
-1b
In base 10, what is 326 - 7?
319
In base 15, what is 1 + 5b?
5c
In base 13, what is 4ab - -1?
4ac
In base 12, what is 2 - 79?
-77
In base 5, what is -3331 + 0?
-3331
In base 10, what is -1916 - -1?
-1915
In base 10, what is -10 - -393?
383
In base 16, what is -74 + 4?
-70
In base 8, what is 6 - -474?
502
In base 8, what is -761 + 5?
-754
In base 14, what is 0 + 372?
372
In base 10, what is -3450 - -1?
-3449
In base 11, what is 4 + -66?
-62
In base 10, what is -14 - -586?
572
In base 8, what is -2 + 2136?
2134
In base 8, what is -3 - -475?
472
In base 3, what is -102 + -1020?
-1122
In base 10, what is -8 - -96?
88
In base 14, what is -4 - 20d5?
-20d9
In base 11, what is 3 + 33?
36
In base 6, what is 222 + -1?
221
In base 12, what is 1 + 25?
26
In base 16, what is 104 - 2?
102
In base 6, what is -2 + 1033?
1031
In base 8, what is 102 - 13?
67
In base 12, what is -331 - -2?
-32b
In base 11, what is -317 + 0?
-317
In base 4, what is 3121 - 331?
2130
In base 13, what is 1b68 + 4?
1b6c
In base 8, what is -12 - -335?
323
In base 4, what is 11 - -101?
112
In base 13, what is -a + -4?
-11
In base 4, what is -2122 - -20?
-2102
In base 9, what is 41 + -8?
32
In base 14, what is -1 + -284d?
-2850
In base 13, what is a - 2c?
-22
In base 2, what is -10011000010010 + 1?
-10011000010001
In base 9, what is -103 - 7?
-111
In base 12, what is -b8 - 9?
-105
In base 12, what is -7 - 5?
-10
In base 5, what is 1034 - 104?
430
In base 12, what is -6 - 72?
-78
In base 12, what is -4 - -53?
4b
In base 10, what is -1041 - -5?
-1036
In base 2, what is -10 + -1000110?
-1001000
In base 4, what is -1332 + 3?
-1323
In base 15, what is 11 + 9?
1a
In base 7, what is -11 - 234?
-245
In base 6, what is 2 - -5510?
5512
In base 7, what is 120 - 3?
114
In base 4, what is -13 - 221?
-300
In base 2, what is -11001 + -11101?
-110110
In base 8, what is 0 + 364?
364
In base 14, what is 20 - 4?
1a
In base 10, what is -1 - 137?
-138
In base 6, what is 353 + 5?
402
In base 9, what is 15 - -13?
28
In base 15, what is -d + 12?
4
In base 2, what is -1011000010 - -1001?
-1010111001
In base 3, what is 10 - 22121?
-22111
In base 9, what is 548 + -17?
531
In base 6, what is -102 - 0?
-102
In base 8, what is -117 - -54?
-43
In base 4, what is 0 + 203?
203
In base 7, what is 14 - 11?
3
In base 10, what is -4 - 73?
-77
In base 2, what is -101 + -100001101000?
-100001101101
In base 15, what is 71 - 2?
6e
In base 9, what is 7 - -1148?
1156
In base 4, what is -12021 - -112?
-11303
In base 14, what is 5 + 985?
98a
In base 9, what is -6331 - -1?
-6330
In base 15, what is -3 - 16?
-19
In base 3, what is 11110 + 10?
11120
In base 6, what is 11 - -221?
232
In base 10, what is -3 + -1752?
-1755
In base 9, what is -1 - 31?
-32
In base 11, what is 6 + 50?
56
In base 9, what is 3 + -605?
-602
In base 11, what is 1 + -a7?
-a6
In base 13, what is b7 - 4?
b3
In base 16, what is 5 - -e6?
eb
In base 6, what is -4 - -35?
31
In base 2, what is -110101010 + 100?
-110100110
In base 5, what is -33330 - 23?
-33403
In base 9, what is -466 + 3?
-463
In base 12, what is -5 - -21?
18
In base 9, what is -5 + 455?
450
In base 7, what is 5 - -10?
15
In base 8, what is -4 + -4405?
-4411
In base 8, what is -4413 - -4?
-4407
In base 9, what is 3366 + 3?
3370
In base 9, what is -4461 + 0?
-4461
In base 14, what is -2c + -3?
-31
In base 4, what is -1010 - 0?
-1010
In base 5, what is -101 + 1403?
1302
In base 7, what is 43 + -13?
30
In base 4, what is 13 + 33?
112
In base 8, what is -21 + 20?
-1
In base 16, what is 91 + 9?
9a
In base 14, what is -4 - 101?
-105
In base 15, what is 9 + -60?
-56
In base 12, what is 79 - 5?
74
In base 10, what is 32 - -107?
139
In base 16, what is 4d - 20?
2d
In base 4, what is -11 - 3133?
-3210
In